{"id":7088,"date":"2024-07-10T10:31:47","date_gmt":"2024-07-10T08:31:47","guid":{"rendered":"https:\/\/www.federazionecinofila.it\/?page_id=7088"},"modified":"2025-02-05T13:01:08","modified_gmt":"2025-02-05T12:01:08","slug":"wild-dog-race","status":"publish","type":"page","link":"https:\/\/www.federazionecinofila.it\/index.php\/wild-dog-race\/","title":{"rendered":"WILD DOG RACE"},"content":{"rendered":"<div data-colibri-id=\"7088-c1\" class=\"style-4345 style-local-7088-c1 position-relative\">\n  <!---->\n  <div data-colibri-component=\"section\" data-colibri-id=\"7088-c2\" id=\"about\" class=\"h-section h-section-global-spacing d-flex align-items-lg-center align-items-md-center align-items-center style-4346 style-local-7088-c2 position-relative\">\n    <!---->\n    <!---->\n    <div class=\"h-section-grid-container h-section-boxed-container\">\n      <!---->\n      <div data-colibri-id=\"7088-c3\" class=\"h-row-container gutters-row-lg-2 gutters-row-md-2 gutters-row-2 gutters-row-v-lg-2 gutters-row-v-md-2 gutters-row-v-2 style-4347 style-local-7088-c3 position-relative\">\n        <!---->\n        <div class=\"h-row justify-content-lg-center justify-content-md-center justify-content-center align-items-lg-stretch align-items-md-stretch align-items-stretch gutters-col-lg-2 gutters-col-md-2 gutters-col-2 gutters-col-v-lg-2 gutters-col-v-md-2 gutters-col-v-2\">\n          <!---->\n          <div class=\"h-column h-column-container d-flex h-col-lg-auto h-col-md-auto h-col-auto style-4348-outer style-local-7088-c4-outer\">\n            <div data-colibri-id=\"7088-c4\" class=\"d-flex h-flex-basis h-column__inner h-px-lg-2 h-px-md-2 h-px-2 v-inner-lg-2 v-inner-md-2 v-inner-2 style-4348 style-local-7088-c4 position-relative\">\n              <!---->\n              <!---->\n              <div class=\"w-100 h-y-container h-column__content h-column__v-align flex-basis-100 align-self-lg-center align-self-md-center align-self-center\">\n                <!---->\n                <div data-colibri-id=\"7088-c5\" class=\"h-global-transition-all h-heading style-4350 style-local-7088-c5 position-relative h-element\">\n                  <!---->\n                  <div class=\"h-heading__outer style-4350 style-local-7088-c5\">\n                    <!---->\n                    <!---->\n                    <h1 class=\"\">WILD DOG RACE<\/h1>\n                  <\/div>\n                <\/div>\n                <div data-colibri-id=\"7088-c6\" class=\"h-text h-text-component style-4351 style-local-7088-c6 position-relative h-element\">\n                  <!---->\n                  <!---->\n                  <div class=\"\">\n                    <p>La Wild Dog Race nasce con lo scopo di fortificare maggiormente il legame che si ha con il proprio cane.<\/p>\n                    <p>Non \u00e8 una semplice gara!!! La Wild Dog Race \u00e8 la capacit\u00e0 di collaborare insieme come binomio.<\/p>\n                    <p>Il binomio diventer\u00e0 una grande squadra!<\/p>\n                  <\/div>\n                <\/div>\n              <\/div>\n            <\/div>\n          <\/div>\n          <div class=\"h-column h-column-container d-flex h-col-lg-auto h-col-md-auto h-col-auto style-4354-outer style-local-7088-c7-outer\">\n            <div data-colibri-id=\"7088-c7\" class=\"d-flex h-flex-basis h-column__inner h-px-lg-2 h-px-md-2 h-px-2 v-inner-lg-2 v-inner-md-2 v-inner-2 style-4354 style-local-7088-c7 position-relative\">\n              <!---->\n              <!---->\n              <div class=\"w-100 h-y-container h-column__content h-column__v-align flex-basis-100 align-self-lg-center align-self-md-center align-self-center\">\n                <!---->\n                <div data-colibri-id=\"7088-c8\" class=\"d-block style-4355 style-local-7088-c8 position-relative h-element\">\n                  <!---->\n                  <div class=\"h-image__frame-container-outer\">\n                    <div class=\"h-image__frame-container\">\n                      <!---->\n                      <!---->\n                      <img loading=\"lazy\" decoding=\"async\" width=\"1199\" height=\"1200\" src=\"http:\/\/www.federazionecinofila.it\/wp-content\/uploads\/2024\/07\/cropped-IMG-20240707-WA0097.jpg\" class=\"wp-image-7100 style-4355-image style-local-7088-c8-image\" alt=\"\" srcset=\"https:\/\/www.federazionecinofila.it\/wp-content\/uploads\/2024\/07\/cropped-IMG-20240707-WA0097.jpg 1199w, https:\/\/www.federazionecinofila.it\/wp-content\/uploads\/2024\/07\/cropped-IMG-20240707-WA0097-300x300.jpg 300w, https:\/\/www.federazionecinofila.it\/wp-content\/uploads\/2024\/07\/cropped-IMG-20240707-WA0097-1024x1024.jpg 1024w, https:\/\/www.federazionecinofila.it\/wp-content\/uploads\/2024\/07\/cropped-IMG-20240707-WA0097-150x150.jpg 150w, https:\/\/www.federazionecinofila.it\/wp-content\/uploads\/2024\/07\/cropped-IMG-20240707-WA0097-768x769.jpg 768w, https:\/\/www.federazionecinofila.it\/wp-content\/uploads\/2024\/07\/cropped-IMG-20240707-WA0097-600x601.jpg 600w, https:\/\/www.federazionecinofila.it\/wp-content\/uploads\/2024\/07\/cropped-IMG-20240707-WA0097-100x100.jpg 100w\" sizes=\"auto, (max-width: 1199px) 100vw, 1199px\" \/>\n                      <div class=\"h-image__frame h-hide-sm style-4355-frameImage style-local-7088-c8-frameImage\"><\/div>\n                    <\/div>\n                  <\/div>\n                <\/div>\n              <\/div>\n            <\/div>\n          <\/div>\n        <\/div>\n      <\/div>\n    <\/div>\n  <\/div>\n  <div data-colibri-component=\"section\" data-colibri-id=\"7088-c9\" id=\"reusable-sections\" class=\"h-section h-section-global-spacing d-flex align-items-lg-center align-items-md-center align-items-center style-4356 style-local-7088-c9 position-relative\">\n    <!---->\n    <!---->\n    <div class=\"h-section-grid-container h-section-boxed-container\">\n      <!---->\n      <div data-colibri-id=\"7088-c10\" class=\"h-row-container gutters-row-lg-0 gutters-row-md-0 gutters-row-2 gutters-row-v-lg-0 gutters-row-v-md-0 gutters-row-v-2 style-4357 style-local-7088-c10 position-relative\">\n        <!---->\n        <div class=\"h-row justify-content-lg-center justify-content-md-center justify-content-center align-items-lg-stretch align-items-md-stretch align-items-stretch gutters-col-lg-0 gutters-col-md-0 gutters-col-2 gutters-col-v-lg-0 gutters-col-v-md-0 gutters-col-v-2\">\n          <!---->\n          <div class=\"h-column h-column-container d-flex h-col-lg-4 h-col-md-4 h-col-12 style-4358-outer style-local-7088-c11-outer\">\n            <div data-colibri-id=\"7088-c11\" class=\"d-flex h-flex-basis h-column__inner h-px-lg-3 h-px-md-3 h-px-2 v-inner-lg-3 v-inner-md-3 v-inner-2 style-4358 style-local-7088-c11 position-relative\">\n              <!---->\n              <!---->\n              <div class=\"w-100 h-y-container h-column__content h-column__v-align flex-basis-100 align-self-lg-start align-self-md-start align-self-start\">\n                <!---->\n                <div data-colibri-id=\"7088-c12\" class=\"h-icon style-4359 style-local-7088-c12 position-relative h-element\">\n                  <!----><span class=\"h-svg-icon h-icon__icon style-4359-icon style-local-7088-c12-icon\"><!--Icon by Icons8 Line Awesome (https:\/\/icons8.com\/line-awesome)--><svg version=\"1.1\" xmlns=\"http:\/\/www.w3.org\/2000\/svg\" xmlns:xlink=\"http:\/\/www.w3.org\/1999\/xlink\" id=\"paper-plane\" viewBox=\"0 0 512 545.5\"><path d=\"M57.5 117.5L86 129l352 144 36.5 15-36.5 15L86 447l-28.5 11.5 7-30 31-140.5-31-140.5zm44.5 53L124.5 272h226zM124.5 304L102 405.5 350.5 304h-226z\"><\/path><\/svg><\/span><\/div>\n                <div\n                  data-colibri-id=\"7088-c13\" class=\"h-global-transition-all h-heading style-4360 style-local-7088-c13 position-relative h-element\">\n                  <!---->\n                  <div class=\"h-heading__outer style-4360 style-local-7088-c13\">\n                    <!---->\n                    <!---->\n                    <h5 class=\"\">REFERENTE NAZIONALE<\/h5>\n                  <\/div>\n              <\/div>\n              <div data-colibri-id=\"7088-c14\" class=\"h-text h-text-component style-4361 style-local-7088-c14 position-relative h-element\">\n                <!---->\n                <!---->\n                <div class=\"\">\n                  <p>Veronica Penna<\/p>\n                  <p>Tel. +39&nbsp;327 230 3694<\/p>\n                <\/div>\n              <\/div>\n              <div data-colibri-id=\"7088-c15\" class=\"h-x-container style-4365 style-local-7088-c15 position-relative h-element\">\n                <!---->\n                <div class=\"h-x-container-inner style-dynamic-7088-c15-group style-4365-spacing style-local-7088-c15-spacing\"><span class=\"h-link__outer style-4366-outer style-local-7088-c16-outer d-inline-flex h-element\"><a h-use-smooth-scroll=\"true\" href=\"penna.vero@gmail.com\"  data-colibri-id=\"7088-c16\" class=\"d-flex w-100 align-items-center h-link style-4366 style-local-7088-c16 position-relative\"><!----><!----> <span>penna.vero@gmail.com<\/span><\/a>\n                  <\/span>\n                <\/div>\n              <\/div>\n            <\/div>\n          <\/div>\n        <\/div>\n        <div class=\"h-column h-column-container d-flex h-col-lg-4 h-col-md-4 h-col-12 style-4358-outer style-local-7088-c17-outer\">\n          <div data-colibri-id=\"7088-c17\" class=\"d-flex h-flex-basis h-column__inner h-px-lg-3 h-px-md-3 h-px-2 v-inner-lg-3 v-inner-md-3 v-inner-2 style-4358 style-local-7088-c17 position-relative\">\n            <!---->\n            <!---->\n            <div class=\"w-100 h-y-container h-column__content h-column__v-align flex-basis-100 align-self-lg-start align-self-md-start align-self-start\">\n              <!---->\n              <div data-colibri-id=\"7088-c18\" class=\"h-icon style-4359 style-local-7088-c18 position-relative h-element\">\n                <!----><span class=\"h-svg-icon h-icon__icon style-4359-icon style-local-7088-c18-icon\"><!--Icon by Icons8 Line Awesome (https:\/\/icons8.com\/line-awesome)--><svg version=\"1.1\" xmlns=\"http:\/\/www.w3.org\/2000\/svg\" xmlns:xlink=\"http:\/\/www.w3.org\/1999\/xlink\" id=\"cubes\" viewBox=\"0 0 512 545.5\"><path d=\"M256 96l6 2.5 96 38.5 10 4v107.5l86.5 37.5 9.5 4.5v129l-8 5-96 53.5-7.5 4-7.5-3.5-89-44.5-89 44.5-7.5 3.5-7.5-4-96-53.5-8-5v-129l9.5-4.5 86.5-37.5V141l10-4 96-38.5zm0 35l-52.5 20.5L256 172l52.5-20.5zm-80 44v74l64 28.5v-78zm160 0l-64 24.5v78l64-28.5v-74zM160 277l-58 25 58 29 58-28.5zm192 0l-40 17.5-18 8 58 28.5 58-29zM80 326.5V401l64 36v-78.5zm352 0l-64 32V437l64-36v-74.5zm-192 1l-64 31V438l64-32v-78.5zm32 0V406l64 32v-79.5z\"><\/path><\/svg><\/span><\/div>\n              <div\n                data-colibri-id=\"7088-c19\" class=\"h-global-transition-all h-heading style-4360 style-local-7088-c19 position-relative h-element\">\n                <!---->\n                <div class=\"h-heading__outer style-4360 style-local-7088-c19\">\n                  <!---->\n                  <!---->\n                  <h5 class=\"\">REGOLAMENTI<\/h5>\n                <\/div>\n            <\/div>\n            <div data-colibri-id=\"7088-c20\" class=\"h-x-container style-4367 style-local-7088-c20 position-relative h-element\">\n              <!---->\n              <div class=\"h-x-container-inner style-dynamic-7088-c20-group style-4367-spacing style-local-7088-c20-spacing\"><span class=\"h-link__outer style-4368-outer style-local-7088-c21-outer d-inline-flex h-element\"><a h-use-smooth-scroll=\"true\" href=\"https:\/\/1drv.ms\/b\/s!AlKWyz9e_DB2gr4MjJ-JkdqyOftb8g?e=ApcCES\"  data-colibri-id=\"7088-c21\" class=\"d-flex w-100 align-items-center h-link style-4368 style-local-7088-c21 position-relative\"><!----><!----> <span>Regolamento formazione WDR<\/span><\/a>\n                <\/span>\n              <\/div>\n            <\/div>\n            <div data-colibri-id=\"7088-c22\" class=\"h-x-container style-4369 style-local-7088-c22 position-relative h-element\">\n              <!---->\n              <div class=\"h-x-container-inner style-dynamic-7088-c22-group style-4369-spacing style-local-7088-c22-spacing\"><span class=\"h-link__outer style-4370-outer style-local-7088-c23-outer d-inline-flex h-element\"><a h-use-smooth-scroll=\"true\" href=\"https:\/\/1drv.ms\/b\/s!AlKWyz9e_DB2g7YdZdPlysxQh76fpA?e=ypzZhU\"  data-colibri-id=\"7088-c23\" class=\"d-flex w-100 align-items-center h-link style-4370 style-local-7088-c23 position-relative\"><!----><!----> <span>Regolamento gara WDR<\/span><\/a>\n                <\/span>\n              <\/div>\n            <\/div>\n          <\/div>\n        <\/div>\n      <\/div>\n      <div class=\"h-column h-column-container d-flex h-col-lg-4 h-col-md-4 h-col-12 style-4358-outer style-local-7088-c24-outer\">\n        <div data-colibri-id=\"7088-c24\" class=\"d-flex h-flex-basis h-column__inner h-px-lg-3 h-px-md-3 h-px-2 v-inner-lg-3 v-inner-md-3 v-inner-2 style-4358 style-local-7088-c24 position-relative\">\n          <!---->\n          <!---->\n          <div class=\"w-100 h-y-container h-column__content h-column__v-align flex-basis-100 align-self-lg-start align-self-md-start align-self-start\">\n            <!---->\n            <div data-colibri-id=\"7088-c25\" class=\"h-icon style-4359 style-local-7088-c25 position-relative h-element\">\n              <!----><span class=\"h-svg-icon h-icon__icon style-4359-icon style-local-7088-c25-icon\"><!--Icon by Font Awesome (https:\/\/fontawesome.com)-->\n    <svg version=\"1.1\" xmlns=\"http:\/\/www.w3.org\/2000\/svg\" xmlns:xlink=\"http:\/\/www.w3.org\/1999\/xlink\" id=\"paw\" viewBox=\"0 0 1664 1896.0833\">\n      <path d=\"M780 472q0 60-19 113.5T698 678t-105 39q-76 0-138-57.5T363 524t-30-151q0-60 19-113.5t63-92.5 105-39q77 0 138.5 57.5t91.5 135T780 472zM438 955q0 80-42 139t-119 59q-76 0-141.5-55.5T35 964 0 812q0-80 42-139.5T161 613q76 0 141.5 55.5t100.5 134T438 955zm394-27q118 0 255 97.5t229 237 92 254.5q0 46-17 76.5t-48.5 45-64.5 20-76 5.5q-68 0-187.5-45T832 1574q-66 0-192.5 44.5T439 1663q-183 0-183-146 0-86 56-191.5T451.5 1133 639 987t193-59zm239-211q-61 0-105-39t-63-92.5T884 472q0-74 30-151.5t91.5-135T1144 128q61 0 105 39t63 92.5 19 113.5q0 73-30 151t-92 135.5-138 57.5zm432-104q77 0 119 59.5t42 139.5q0 74-35 152t-100.5 133.5T1387 1153q-77 0-119-59t-42-139q0-74 35-152.5t100.5-134T1503 613z\"><\/path>\n    <\/svg><\/span><\/div>\n            <div data-colibri-id=\"7088-c26\" class=\"h-global-transition-all h-heading style-4360 style-local-7088-c26 position-relative h-element\">\n              <!---->\n              <div class=\"h-heading__outer style-4360 style-local-7088-c26\">\n                <!---->\n                <!---->\n                <h5 class=\"\">GARE<\/h5>\n              <\/div>\n            <\/div>\n            <div data-colibri-id=\"7088-c27\" class=\"h-text h-text-component style-4361 style-local-7088-c27 position-relative h-element\">\n              <!---->\n              <!---->\n              <div class=\"\">\n                <p>E&#8217; previsto lo svolgimento del Campionato Nazionale. In fondo alla pagina \u00e8 possibile consultare il Calendario Nazionale che \u00e8 in continuo aggiornamento.<\/p>\n                <p>\n                  <br>\n                <\/p>\n              <\/div>\n            <\/div>\n          <\/div>\n        <\/div>\n      <\/div>\n    <\/div>\n  <\/div>\n<\/div>\n<\/div>\n<div data-colibri-component=\"section\" data-colibri-id=\"7088-c28\" id=\"reusable-sections-2\" class=\"h-section h-section-global-spacing d-flex align-items-lg-center align-items-md-center align-items-center style-4371 style-local-7088-c28 position-relative\">\n  <!---->\n  <!---->\n  <div class=\"h-section-grid-container h-section-boxed-container\">\n    <!---->\n    <div data-colibri-id=\"7088-c29\" class=\"h-row-container gutters-row-lg-0 gutters-row-md-0 gutters-row-2 gutters-row-v-lg-0 gutters-row-v-md-0 gutters-row-v-2 style-4372 style-local-7088-c29 position-relative\">\n      <!---->\n      <div class=\"h-row justify-content-lg-center justify-content-md-center justify-content-center align-items-lg-stretch align-items-md-stretch align-items-stretch gutters-col-lg-0 gutters-col-md-0 gutters-col-2 gutters-col-v-lg-0 gutters-col-v-md-0 gutters-col-v-2\">\n        <!---->\n        <div class=\"h-column h-column-container d-flex h-col-lg-4 h-col-md-4 h-col-12 style-4373-outer style-local-7088-c30-outer\">\n          <div data-colibri-id=\"7088-c30\" class=\"d-flex h-flex-basis h-column__inner h-px-lg-3 h-px-md-3 h-px-2 v-inner-lg-3 v-inner-md-3 v-inner-2 style-4373 style-local-7088-c30 position-relative\">\n            <!---->\n            <!---->\n            <div class=\"w-100 h-y-container h-column__content h-column__v-align flex-basis-100 align-self-lg-start align-self-md-start align-self-start\">\n              <!---->\n              <div data-colibri-id=\"7088-c31\" class=\"h-icon style-4374 style-local-7088-c31 position-relative h-element\">\n                <!----><span class=\"h-svg-icon h-icon__icon style-4374-icon style-local-7088-c31-icon\"><!--Icon by Font Awesome (https:\/\/fontawesome.com)-->\n    <svg version=\"1.1\" xmlns=\"http:\/\/www.w3.org\/2000\/svg\" xmlns:xlink=\"http:\/\/www.w3.org\/1999\/xlink\" id=\"book\" viewBox=\"0 0 1664 1896.0833\">\n      <path d=\"M1639 478q40 57 18 129l-275 906q-19 64-76.5 107.5T1183 1664H260q-77 0-148.5-53.5T12 1479q-24-67-2-127 0-4 3-27t4-37q1-8-3-21.5t-3-19.5q2-11 8-21t16.5-23.5T52 1179q23-38 45-91.5t30-91.5q3-10 .5-30t-.5-28q3-11 17-28t17-23q21-36 42-92t25-90q1-9-2.5-32t.5-28q4-13 22-30.5t22-22.5q19-26 42.5-84.5T340 411q1-8-3-25.5t-2-26.5q2-8 9-18t18-23 17-21q8-12 16.5-30.5t15-35 16-36 19.5-32 26.5-23.5 36-11.5T556 134l-1 3q38-9 51-9h761q74 0 114 56t18 130l-274 906q-36 119-71.5 153.5T1025 1408H156q-27 0-38 15-11 16-1 43 24 70 144 70h923q29 0 56-15.5t35-41.5l300-987q7-22 5-57 38 15 59 43zm-1064 2q-4 13 2 22.5t20 9.5h608q13 0 25.5-9.5T1247 480l21-64q4-13-2-22.5t-20-9.5H638q-13 0-25.5 9.5T596 416zm-83 256q-4 13 2 22.5t20 9.5h608q13 0 25.5-9.5T1164 736l21-64q4-13-2-22.5t-20-9.5H555q-13 0-25.5 9.5T513 672z\"><\/path>\n    <\/svg><\/span><\/div>\n              <div data-colibri-id=\"7088-c32\" class=\"h-global-transition-all h-heading style-4375 style-local-7088-c32 position-relative h-element\">\n                <!---->\n                <div class=\"h-heading__outer style-4375 style-local-7088-c32\">\n                  <!---->\n                  <!---->\n                  <h5 class=\"\">CORSI<\/h5>\n                <\/div>\n              <\/div>\n              <div data-colibri-id=\"7088-c33\" class=\"h-text h-text-component style-4376 style-local-7088-c33 position-relative h-element\">\n                <!---->\n                <!---->\n                <div class=\"\">\n                  <p>Vuoi diventare Istruttore di WDR? Clicca qui per vedere tutti i corsi in partenza. Sono previsti corsi istruttori di 1\u00b0, 2\u00b0 e 3\u00b0 livello&nbsp;<\/p>\n                <\/div>\n              <\/div>\n              <div data-colibri-id=\"7088-c34\" class=\"h-x-container style-4377 style-local-7088-c34 position-relative h-element\">\n                <!---->\n                <div class=\"h-x-container-inner style-dynamic-7088-c34-group style-4377-spacing style-local-7088-c34-spacing\"><span class=\"h-link__outer style-4378-outer style-local-7088-c35-outer d-inline-flex h-element\"><a h-use-smooth-scroll=\"true\" href=\"https:\/\/www.federazionecinofila.it\/index.php\/formazione\/\"  data-colibri-id=\"7088-c35\" class=\"d-flex w-100 align-items-center h-link style-4378 style-local-7088-c35 position-relative\"><!----><!----> <span>Portale Formazione<\/span>                  <span class=\"h-svg-icon h-link__icon style-4378-icon style-local-7088-c35-icon\"><!--Icon by Icons8 Line Awesome (https:\/\/icons8.com\/line-awesome)--><svg version=\"1.1\" xmlns=\"http:\/\/www.w3.org\/2000\/svg\" xmlns:xlink=\"http:\/\/www.w3.org\/1999\/xlink\" id=\"angle-double-right\" viewBox=\"0 0 512 545.5\"><path d=\"M145.5 108.5l168 168L325 288l-11.5 11.5-168 168-22.5-23L279.5 288 123 131.5zm112 0l168 168L437 288l-11.5 11.5-168 168-22.5-23L391.5 288 235 131.5z\"><\/path><\/svg><\/span><\/a>\n                  <\/span>\n                <\/div>\n              <\/div>\n            <\/div>\n          <\/div>\n        <\/div>\n        <div class=\"h-column h-column-container d-flex h-col-lg-4 h-col-md-4 h-col-12 style-4373-outer style-local-7088-c36-outer\">\n          <div data-colibri-id=\"7088-c36\" class=\"d-flex h-flex-basis h-column__inner h-px-lg-3 h-px-md-3 h-px-2 v-inner-lg-3 v-inner-md-3 v-inner-2 style-4373 style-local-7088-c36 position-relative\">\n            <!---->\n            <!---->\n            <div class=\"w-100 h-y-container h-column__content h-column__v-align flex-basis-100 align-self-lg-start align-self-md-start align-self-start\">\n              <!---->\n              <div data-colibri-id=\"7088-c37\" class=\"h-icon style-4374 style-local-7088-c37 position-relative h-element\">\n                <!----><span class=\"h-svg-icon h-icon__icon style-4374-icon style-local-7088-c37-icon\"><!--Icon by Icons8 Line Awesome (https:\/\/icons8.com\/line-awesome)--><svg version=\"1.1\" xmlns=\"http:\/\/www.w3.org\/2000\/svg\" xmlns:xlink=\"http:\/\/www.w3.org\/1999\/xlink\" id=\"flag-checkered\" viewBox=\"0 0 512 545.5\"><path d=\"M80 96h352v256H112v128H80V96zm32 32v48h48v48h-48v48h48v48h48v-48h48v48h48v-48h48v48h48v-48h-48v-48h48v-48h-48v-48h-48v48h-48v-48h-48v48h-48v-48h-48zm48 96h48v48h-48v-48zm48 0v-48h48v48h-48zm48 0h48v48h-48v-48zm48 0v-48h48v48h-48z\"><\/path><\/svg><\/span><\/div>\n              <div\n                data-colibri-id=\"7088-c38\" class=\"h-global-transition-all h-heading style-4375 style-local-7088-c38 position-relative h-element\">\n                <!---->\n                <div class=\"h-heading__outer style-4375 style-local-7088-c38\">\n                  <!---->\n                  <!---->\n                  <h5 class=\"\">FINALI NAZIONALI<\/h5>\n                <\/div>\n            <\/div>\n            <div data-colibri-id=\"7088-c39\" class=\"h-text h-text-component style-4376 style-local-7088-c39 position-relative h-element\">\n              <!---->\n              <!---->\n              <div class=\"\">\n                <p>Si svolger\u00e0 una finale del Campionato Nazionale di WDR a Settembre.<\/p>\n                <p>Stay tuned per tutte le info e i dettagli<\/p>\n              <\/div>\n            <\/div>\n            <div data-colibri-id=\"7088-c40\" class=\"h-x-container style-4377 style-local-7088-c40 position-relative h-element\">\n              <!---->\n              <div class=\"h-x-container-inner style-dynamic-7088-c40-group style-4377-spacing style-local-7088-c40-spacing\"><span class=\"h-link__outer style-4378-outer style-local-7088-c41-outer d-inline-flex h-element\"><a h-use-smooth-scroll=\"true\" href=\"\"  data-colibri-id=\"7088-c41\" class=\"d-flex w-100 align-items-center h-link style-4378 style-local-7088-c41 position-relative\"><!----><!----> <span>Coming Soon<\/span>                <span class=\"h-svg-icon h-link__icon style-4378-icon style-local-7088-c41-icon\"><!--Icon by Icons8 Line Awesome (https:\/\/icons8.com\/line-awesome)--><svg version=\"1.1\" xmlns=\"http:\/\/www.w3.org\/2000\/svg\" xmlns:xlink=\"http:\/\/www.w3.org\/1999\/xlink\" id=\"angle-double-right\" viewBox=\"0 0 512 545.5\"><path d=\"M145.5 108.5l168 168L325 288l-11.5 11.5-168 168-22.5-23L279.5 288 123 131.5zm112 0l168 168L437 288l-11.5 11.5-168 168-22.5-23L391.5 288 235 131.5z\"><\/path><\/svg><\/span><\/a>\n                <\/span>\n              <\/div>\n            <\/div>\n          <\/div>\n        <\/div>\n      <\/div>\n    <\/div>\n  <\/div>\n<\/div>\n<\/div>\n<\/div>","protected":false},"excerpt":{"rendered":"<p>WILD DOG RACE La Wild Dog Race nasce con lo scopo di fortificare maggiormente il legame che si ha con il proprio cane. Non \u00e8 una semplice gara!!! La Wild Dog Race \u00e8 la capacit\u00e0 di collaborare insieme come binomio. Il binomio diventer\u00e0 una grande squadra! REFERENTE NAZIONALE Veronica Penna Tel. +39&nbsp;327 230 3694 penna.vero@gmail.com [&hellip;]<\/p>\n","protected":false},"author":1,"featured_media":0,"parent":0,"menu_order":0,"comment_status":"closed","ping_status":"closed","template":"page-templates\/full-width-page.php","meta":{"footnotes":""},"class_list":["post-7088","page","type-page","status-publish","hentry"],"jetpack_sharing_enabled":true,"_links":{"self":[{"href":"https:\/\/www.federazionecinofila.it\/index.php\/wp-json\/wp\/v2\/pages\/7088","targetHints":{"allow":["GET"]}}],"collection":[{"href":"https:\/\/www.federazionecinofila.it\/index.php\/wp-json\/wp\/v2\/pages"}],"about":[{"href":"https:\/\/www.federazionecinofila.it\/index.php\/wp-json\/wp\/v2\/types\/page"}],"author":[{"embeddable":true,"href":"https:\/\/www.federazionecinofila.it\/index.php\/wp-json\/wp\/v2\/users\/1"}],"replies":[{"embeddable":true,"href":"https:\/\/www.federazionecinofila.it\/index.php\/wp-json\/wp\/v2\/comments?post=7088"}],"version-history":[{"count":6,"href":"https:\/\/www.federazionecinofila.it\/index.php\/wp-json\/wp\/v2\/pages\/7088\/revisions"}],"predecessor-version":[{"id":8923,"href":"https:\/\/www.federazionecinofila.it\/index.php\/wp-json\/wp\/v2\/pages\/7088\/revisions\/8923"}],"wp:attachment":[{"href":"https:\/\/www.federazionecinofila.it\/index.php\/wp-json\/wp\/v2\/media?parent=7088"}],"curies":[{"name":"wp","href":"https:\/\/api.w.org\/{rel}","templated":true}]}}